{"id":3013,"date":"2021-12-28T11:34:19","date_gmt":"2021-12-28T11:34:19","guid":{"rendered":"http:\/\/karrotrecfier.al\/?page_id=3013"},"modified":"2022-01-14T11:33:05","modified_gmt":"2022-01-14T11:33:05","slug":"abonimi-vjetor","status":"publish","type":"page","link":"https:\/\/karrotrecfier.al\/?page_id=3013","title":{"rendered":"Abonimi Vjetor"},"content":{"rendered":"<p><div  id=\"column-b2b34d9\" class=\"fw-column fw-column col-xs-12 col-md-4\" >\n\n\t<div class=\"column-overlay\"><\/div>\n\n\t<div class=\"fw-column-inner\"><div class=\"vertical-item  text-left\">\n\n\t\n\t<div class=\"item-content\">\n\t\t\t<p><img loading=\"lazy\" decoding=\"async\" class=\"size-medium wp-image-3136 aligncenter\" src=\"https:\/\/karrotrecfier.al\/wp-content\/uploads\/2022\/01\/Plani-Abonimit-Silver-289x300.jpg\" alt=\"\" width=\"289\" height=\"300\" srcset=\"https:\/\/karrotrecfier.al\/wp-content\/uploads\/2022\/01\/Plani-Abonimit-Silver-289x300.jpg 289w, https:\/\/karrotrecfier.al\/wp-content\/uploads\/2022\/01\/Plani-Abonimit-Silver.jpg 371w\" sizes=\"auto, (max-width: 289px) 100vw, 289px\" \/><\/p><p style=\"text-align: left\"><strong>Paketa Silver<\/strong> pershfin planin <strong>1 vjecar<\/strong> individual<\/p><p style=\"text-align: left\"><strong>Silver Plan<\/strong> \u00ebsht\u00eb kart\u00eb an\u00ebtar\u00ebsimi komb\u00ebtare me afat 1 vit. Pagesa per kete sherbim \u00ebsht\u00eb 9000 leke\/vit.<\/p><p style=\"text-align: left\"><strong>Silver Plan<\/strong> \u00ebsht\u00eb e vlefshme p\u00ebr periudh\u00ebn 1 vit ose 365 dite kalendarike. Koha aktive \u00ebsht\u00eb 24 or\u00eb \/ n\u00eb 24 or\u00eb p\u00ebr gjith\u00eb periudh\u00ebn e vlefshm\u00ebris\u00eb.<\/p><p style=\"text-align: left\">Individi i antaresuar p\u00ebrfiton falas 1 (NJ\u00cb) sh\u00ebrbim n\u00eb t\u00eb gjith\u00eb territorrin e Shqip\u00ebris\u00eb &amp; 3 sherbime ne qytetet Fier &amp; Lushnje deri ne servisin me te afert.<\/p><p style=\"text-align: left\">Asistence Rrugore \u2013 Riparim n\u00eb Rrug\u00eb ose t\u00ebrheqje me Karroatrec deri n\u00eb servisin m\u00eb t\u00eb af\u00ebrt ose n\u00eb destinacionin e p\u00ebrcaktuar nga An\u00ebtari<\/p>\t\t<\/div>\n\n<\/div><!-- eof .vertical-item -->\n    <\/div>\n<\/div>\n<div  id=\"column-aab93c7\" class=\"fw-column fw-column col-xs-12 col-md-4\" >\n\n\t<div class=\"column-overlay\"><\/div>\n\n\t<div class=\"fw-column-inner\"><div class=\"vertical-item  text-left\">\n\n\t\n\t<div class=\"item-content\">\n\t\t\t<p><img loading=\"lazy\" decoding=\"async\" class=\"size-medium wp-image-3134 aligncenter\" src=\"https:\/\/karrotrecfier.al\/wp-content\/uploads\/2022\/01\/Plani-Abonimit-Bronze-280x300.jpg\" alt=\"\" width=\"280\" height=\"300\" srcset=\"https:\/\/karrotrecfier.al\/wp-content\/uploads\/2022\/01\/Plani-Abonimit-Bronze-280x300.jpg 280w, https:\/\/karrotrecfier.al\/wp-content\/uploads\/2022\/01\/Plani-Abonimit-Bronze.jpg 357w\" sizes=\"auto, (max-width: 280px) 100vw, 280px\" \/><\/p><p style=\"text-align: left\"><strong>Plani Abonimit Bronze<\/strong> \u00ebsht\u00eb kart\u00eb an\u00ebtar\u00ebsimi familjare komb\u00ebtare me afat 1 vit. Pagesa e an\u00ebtar\u00ebsimit \u00ebsht\u00eb 12000lek\/vit.<\/p><p style=\"text-align: left\"><strong>Plani Bronze 12000<\/strong> \u00ebsht\u00eb i vlefshem p\u00ebr periudh\u00ebn 1 vit ose 365 dite kalendarike. Koha aktive \u00ebsht\u00eb 24 or\u00eb n\u00eb 24 or\u00eb p\u00ebr gjith\u00eb periudh\u00ebn e vlefshm\u00ebris\u00eb.<\/p><p style=\"text-align: left\">Permban 2 sherbime me Karrotrec kudo ne Shqiperi &amp; 5 sherbime ne Qytetet Vlore, Fier dhe Lushnje deri ne servisin me te afert.<\/p><p style=\"text-align: left\">Asistence Rrugore \u2013 Riparim n\u00eb Rrug\u00eb ose t\u00ebrheqje me Karroatrec deri n\u00eb servisin m\u00eb t\u00eb af\u00ebrt ose n\u00eb destinacionin e p\u00ebrcaktuar nga An\u00ebtari.<\/p>\t\t<\/div>\n\n<\/div><!-- eof .vertical-item -->\n    <\/div>\n<\/div>\n<div  id=\"column-67f9a4d\" class=\"fw-column fw-column col-xs-12 col-md-4\" >\n\n\t<div class=\"column-overlay\"><\/div>\n\n\t<div class=\"fw-column-inner\"><div class=\"vertical-item  text-left\">\n\n\t\n\t<div class=\"item-content\">\n\t\t\t<p><img loading=\"lazy\" decoding=\"async\" class=\"wp-image-3140 size-medium aligncenter\" src=\"https:\/\/karrotrecfier.al\/wp-content\/uploads\/2022\/01\/Plani-Abonimit-Gold-2-298x300.jpg\" alt=\"\" width=\"298\" height=\"300\" srcset=\"https:\/\/karrotrecfier.al\/wp-content\/uploads\/2022\/01\/Plani-Abonimit-Gold-2-298x300.jpg 298w, https:\/\/karrotrecfier.al\/wp-content\/uploads\/2022\/01\/Plani-Abonimit-Gold-2-150x150.jpg 150w, https:\/\/karrotrecfier.al\/wp-content\/uploads\/2022\/01\/Plani-Abonimit-Gold-2.jpg 380w\" sizes=\"auto, (max-width: 298px) 100vw, 298px\" \/><\/p><p style=\"text-align: left\"><strong>Plani Gold 16000<\/strong> \u00ebsht\u00eb kart\u00eb an\u00ebtar\u00ebsimi Biznes Kombetare me afat 1 vit. pagesa e an\u00ebtar\u00ebsimit \u00ebsht\u00eb 16000 lek\/vit.<\/p><p style=\"text-align: left\"><strong>Antari p\u00ebrfiton:<\/strong><\/p><p style=\"text-align: left\">Paketa permban 3 sherbime kudo ne Shqiperi 6 raste ne Qytetet Vlore, Fier &amp; Lushnje si dhe 3 sherbime taksi deri ne shtepi ose hotel vendin ku ju deshironi.<\/p><p style=\"text-align: left\">Asistence Rrugore \u2013 Riparim n\u00eb Rrug\u00eb ose t\u00ebrheqje me Karroatrec deri n\u00eb servisin m\u00eb t\u00eb af\u00ebrt ose n\u00eb destinacionin e p\u00ebrcaktuar nga An\u00ebtari.<\/p>\t\t<\/div>\n\n<\/div><!-- eof .vertical-item -->\n    <\/div>\n<\/div>\n<\/p>\n","protected":false},"excerpt":{"rendered":"<p>Paketa Silver pershfin planin 1 vjecar individualSilver Plan \u00ebsht\u00eb kart\u00eb an\u00ebtar\u00ebsimi komb\u00ebtare me afat 1 vit. Pagesa per kete sherbim<\/p>\n","protected":false},"author":1,"featured_media":0,"parent":0,"menu_order":0,"comment_status":"closed","ping_status":"closed","template":"","meta":{"footnotes":""},"class_list":["post-3013","page","type-page","status-publish","hentry"],"yoast_head":"<!-- This site is optimized with the Yoast SEO plugin v27.5 - https:\/\/yoast.com\/product\/yoast-seo-wordpress\/ -->\n<title>Abonimi Vjetor - Karrotrec Caushaj Fier<\/title>\n<meta name=\"description\" content=\"Karrotrec 24 ore ne Fier, Shqiperi. Towing Servie 24 Hours near Albania Country. Servizio di rimorchio nel Albania. Karrotrec Caushaj Fier\" \/>\n<meta name=\"robots\" content=\"index, follow, max-snippet:-1, max-image-preview:large, max-video-preview:-1\" \/>\n<link rel=\"canonical\" href=\"https:\/\/karrotrecfier.al\/?page_id=3013\" \/>\n<meta property=\"og:locale\" content=\"sq_AL\" \/>\n<meta property=\"og:type\" content=\"article\" \/>\n<meta property=\"og:title\" content=\"Abonimi Vjetor - Karrotrec Caushaj Fier\" \/>\n<meta property=\"og:description\" content=\"Karrotrec 24 ore ne Fier, Shqiperi. Towing Servie 24 Hours near Albania Country. Servizio di rimorchio nel Albania. Karrotrec Caushaj Fier\" \/>\n<meta property=\"og:url\" content=\"https:\/\/karrotrecfier.al\/?page_id=3013\" \/>\n<meta property=\"og:site_name\" content=\"Karrotrec Caushaj Fier\" \/>\n<meta property=\"article:publisher\" content=\"https:\/\/www.facebook.com\/Karroaterc.fier\" \/>\n<meta property=\"article:modified_time\" content=\"2022-01-14T11:33:05+00:00\" \/>\n<meta property=\"og:image\" content=\"http:\/\/karrotrecfier.al\/wp-content\/uploads\/2022\/01\/Plani-Abonimit-Silver-289x300.jpg\" \/>\n<meta name=\"twitter:card\" content=\"summary_large_image\" \/>\n<meta name=\"twitter:label1\" content=\"Est. reading time\" \/>\n\t<meta name=\"twitter:data1\" content=\"1 minut\u00eb\" \/>\n<script type=\"application\/ld+json\" class=\"yoast-schema-graph\">{\"@context\":\"https:\\\/\\\/schema.org\",\"@graph\":[{\"@type\":\"WebPage\",\"@id\":\"https:\\\/\\\/karrotrecfier.al\\\/?page_id=3013\",\"url\":\"https:\\\/\\\/karrotrecfier.al\\\/?page_id=3013\",\"name\":\"Abonimi Vjetor - Karrotrec Caushaj Fier\",\"isPartOf\":{\"@id\":\"https:\\\/\\\/karrotrecfier.al\\\/#website\"},\"primaryImageOfPage\":{\"@id\":\"https:\\\/\\\/karrotrecfier.al\\\/?page_id=3013#primaryimage\"},\"image\":{\"@id\":\"https:\\\/\\\/karrotrecfier.al\\\/?page_id=3013#primaryimage\"},\"thumbnailUrl\":\"http:\\\/\\\/karrotrecfier.al\\\/wp-content\\\/uploads\\\/2022\\\/01\\\/Plani-Abonimit-Silver-289x300.jpg\",\"datePublished\":\"2021-12-28T11:34:19+00:00\",\"dateModified\":\"2022-01-14T11:33:05+00:00\",\"description\":\"Karrotrec 24 ore ne Fier, Shqiperi. Towing Servie 24 Hours near Albania Country. Servizio di rimorchio nel Albania. Karrotrec Caushaj Fier\",\"breadcrumb\":{\"@id\":\"https:\\\/\\\/karrotrecfier.al\\\/?page_id=3013#breadcrumb\"},\"inLanguage\":\"sq\",\"potentialAction\":[{\"@type\":\"ReadAction\",\"target\":[\"https:\\\/\\\/karrotrecfier.al\\\/?page_id=3013\"]}]},{\"@type\":\"ImageObject\",\"inLanguage\":\"sq\",\"@id\":\"https:\\\/\\\/karrotrecfier.al\\\/?page_id=3013#primaryimage\",\"url\":\"https:\\\/\\\/karrotrecfier.al\\\/wp-content\\\/uploads\\\/2022\\\/01\\\/Plani-Abonimit-Silver.jpg\",\"contentUrl\":\"https:\\\/\\\/karrotrecfier.al\\\/wp-content\\\/uploads\\\/2022\\\/01\\\/Plani-Abonimit-Silver.jpg\",\"width\":371,\"height\":385},{\"@type\":\"BreadcrumbList\",\"@id\":\"https:\\\/\\\/karrotrecfier.al\\\/?page_id=3013#breadcrumb\",\"itemListElement\":[{\"@type\":\"ListItem\",\"position\":1,\"name\":\"Home\",\"item\":\"https:\\\/\\\/karrotrecfier.al\\\/\"},{\"@type\":\"ListItem\",\"position\":2,\"name\":\"Abonimi Vjetor\"}]},{\"@type\":\"WebSite\",\"@id\":\"https:\\\/\\\/karrotrecfier.al\\\/#website\",\"url\":\"https:\\\/\\\/karrotrecfier.al\\\/\",\"name\":\"Karrotrec Caushaj Fier\",\"description\":\"Karrotrec 24 Ore Fier, Karrotrec 24 Ore Vlore, Karrotrec 24 Ore Levan, Karrotrec 24 Ore Oriku,  Karrotrec 24 Ore Himare, Karrotrec 24 Ore Llogara, Karrotrec 24 Ore Dhermi\",\"publisher\":{\"@id\":\"https:\\\/\\\/karrotrecfier.al\\\/#organization\"},\"potentialAction\":[{\"@type\":\"SearchAction\",\"target\":{\"@type\":\"EntryPoint\",\"urlTemplate\":\"https:\\\/\\\/karrotrecfier.al\\\/?s={search_term_string}\"},\"query-input\":{\"@type\":\"PropertyValueSpecification\",\"valueRequired\":true,\"valueName\":\"search_term_string\"}}],\"inLanguage\":\"sq\"},{\"@type\":\"Organization\",\"@id\":\"https:\\\/\\\/karrotrecfier.al\\\/#organization\",\"name\":\"Karrotrec Fier 24 Ore\",\"url\":\"https:\\\/\\\/karrotrecfier.al\\\/\",\"logo\":{\"@type\":\"ImageObject\",\"inLanguage\":\"sq\",\"@id\":\"https:\\\/\\\/karrotrecfier.al\\\/#\\\/schema\\\/logo\\\/image\\\/\",\"url\":\"http:\\\/\\\/karrotrecfier.al\\\/wp-content\\\/uploads\\\/2019\\\/04\\\/feature2.png\",\"contentUrl\":\"http:\\\/\\\/karrotrecfier.al\\\/wp-content\\\/uploads\\\/2019\\\/04\\\/feature2.png\",\"width\":60,\"height\":54,\"caption\":\"Karrotrec Fier 24 Ore\"},\"image\":{\"@id\":\"https:\\\/\\\/karrotrecfier.al\\\/#\\\/schema\\\/logo\\\/image\\\/\"},\"sameAs\":[\"https:\\\/\\\/www.facebook.com\\\/Karroaterc.fier\",\"https:\\\/\\\/www.instagram.com\\\/karrotrec_fier_0698880008\\\/\"]}]}<\/script>\n<!-- \/ Yoast SEO plugin. -->","yoast_head_json":{"title":"Abonimi Vjetor - Karrotrec Caushaj Fier","description":"Karrotrec 24 ore ne Fier, Shqiperi. Towing Servie 24 Hours near Albania Country. Servizio di rimorchio nel Albania. Karrotrec Caushaj Fier","robots":{"index":"index","follow":"follow","max-snippet":"max-snippet:-1","max-image-preview":"max-image-preview:large","max-video-preview":"max-video-preview:-1"},"canonical":"https:\/\/karrotrecfier.al\/?page_id=3013","og_locale":"sq_AL","og_type":"article","og_title":"Abonimi Vjetor - Karrotrec Caushaj Fier","og_description":"Karrotrec 24 ore ne Fier, Shqiperi. Towing Servie 24 Hours near Albania Country. Servizio di rimorchio nel Albania. Karrotrec Caushaj Fier","og_url":"https:\/\/karrotrecfier.al\/?page_id=3013","og_site_name":"Karrotrec Caushaj Fier","article_publisher":"https:\/\/www.facebook.com\/Karroaterc.fier","article_modified_time":"2022-01-14T11:33:05+00:00","og_image":[{"url":"http:\/\/karrotrecfier.al\/wp-content\/uploads\/2022\/01\/Plani-Abonimit-Silver-289x300.jpg","type":"","width":"","height":""}],"twitter_card":"summary_large_image","twitter_misc":{"Est. reading time":"1 minut\u00eb"},"schema":{"@context":"https:\/\/schema.org","@graph":[{"@type":"WebPage","@id":"https:\/\/karrotrecfier.al\/?page_id=3013","url":"https:\/\/karrotrecfier.al\/?page_id=3013","name":"Abonimi Vjetor - Karrotrec Caushaj Fier","isPartOf":{"@id":"https:\/\/karrotrecfier.al\/#website"},"primaryImageOfPage":{"@id":"https:\/\/karrotrecfier.al\/?page_id=3013#primaryimage"},"image":{"@id":"https:\/\/karrotrecfier.al\/?page_id=3013#primaryimage"},"thumbnailUrl":"http:\/\/karrotrecfier.al\/wp-content\/uploads\/2022\/01\/Plani-Abonimit-Silver-289x300.jpg","datePublished":"2021-12-28T11:34:19+00:00","dateModified":"2022-01-14T11:33:05+00:00","description":"Karrotrec 24 ore ne Fier, Shqiperi. Towing Servie 24 Hours near Albania Country. Servizio di rimorchio nel Albania. Karrotrec Caushaj Fier","breadcrumb":{"@id":"https:\/\/karrotrecfier.al\/?page_id=3013#breadcrumb"},"inLanguage":"sq","potentialAction":[{"@type":"ReadAction","target":["https:\/\/karrotrecfier.al\/?page_id=3013"]}]},{"@type":"ImageObject","inLanguage":"sq","@id":"https:\/\/karrotrecfier.al\/?page_id=3013#primaryimage","url":"https:\/\/karrotrecfier.al\/wp-content\/uploads\/2022\/01\/Plani-Abonimit-Silver.jpg","contentUrl":"https:\/\/karrotrecfier.al\/wp-content\/uploads\/2022\/01\/Plani-Abonimit-Silver.jpg","width":371,"height":385},{"@type":"BreadcrumbList","@id":"https:\/\/karrotrecfier.al\/?page_id=3013#breadcrumb","itemListElement":[{"@type":"ListItem","position":1,"name":"Home","item":"https:\/\/karrotrecfier.al\/"},{"@type":"ListItem","position":2,"name":"Abonimi Vjetor"}]},{"@type":"WebSite","@id":"https:\/\/karrotrecfier.al\/#website","url":"https:\/\/karrotrecfier.al\/","name":"Karrotrec Caushaj Fier","description":"Karrotrec 24 Ore Fier, Karrotrec 24 Ore Vlore, Karrotrec 24 Ore Levan, Karrotrec 24 Ore Oriku,  Karrotrec 24 Ore Himare, Karrotrec 24 Ore Llogara, Karrotrec 24 Ore Dhermi","publisher":{"@id":"https:\/\/karrotrecfier.al\/#organization"},"potentialAction":[{"@type":"SearchAction","target":{"@type":"EntryPoint","urlTemplate":"https:\/\/karrotrecfier.al\/?s={search_term_string}"},"query-input":{"@type":"PropertyValueSpecification","valueRequired":true,"valueName":"search_term_string"}}],"inLanguage":"sq"},{"@type":"Organization","@id":"https:\/\/karrotrecfier.al\/#organization","name":"Karrotrec Fier 24 Ore","url":"https:\/\/karrotrecfier.al\/","logo":{"@type":"ImageObject","inLanguage":"sq","@id":"https:\/\/karrotrecfier.al\/#\/schema\/logo\/image\/","url":"http:\/\/karrotrecfier.al\/wp-content\/uploads\/2019\/04\/feature2.png","contentUrl":"http:\/\/karrotrecfier.al\/wp-content\/uploads\/2019\/04\/feature2.png","width":60,"height":54,"caption":"Karrotrec Fier 24 Ore"},"image":{"@id":"https:\/\/karrotrecfier.al\/#\/schema\/logo\/image\/"},"sameAs":["https:\/\/www.facebook.com\/Karroaterc.fier","https:\/\/www.instagram.com\/karrotrec_fier_0698880008\/"]}]}},"_links":{"self":[{"href":"https:\/\/karrotrecfier.al\/index.php?rest_route=\/wp\/v2\/pages\/3013","targetHints":{"allow":["GET"]}}],"collection":[{"href":"https:\/\/karrotrecfier.al\/index.php?rest_route=\/wp\/v2\/pages"}],"about":[{"href":"https:\/\/karrotrecfier.al\/index.php?rest_route=\/wp\/v2\/types\/page"}],"author":[{"embeddable":true,"href":"https:\/\/karrotrecfier.al\/index.php?rest_route=\/wp\/v2\/users\/1"}],"replies":[{"embeddable":true,"href":"https:\/\/karrotrecfier.al\/index.php?rest_route=%2Fwp%2Fv2%2Fcomments&post=3013"}],"version-history":[{"count":12,"href":"https:\/\/karrotrecfier.al\/index.php?rest_route=\/wp\/v2\/pages\/3013\/revisions"}],"predecessor-version":[{"id":3209,"href":"https:\/\/karrotrecfier.al\/index.php?rest_route=\/wp\/v2\/pages\/3013\/revisions\/3209"}],"wp:attachment":[{"href":"https:\/\/karrotrecfier.al\/index.php?rest_route=%2Fwp%2Fv2%2Fmedia&parent=3013"}],"curies":[{"name":"wp","href":"https:\/\/api.w.org\/{rel}","templated":true}]}}